{"id":8010,"date":"2022-09-19T17:42:40","date_gmt":"2022-09-19T22:42:40","guid":{"rendered":"https:\/\/paroissesainte-famille.org\/?page_id=8010"},"modified":"2026-08-29T17:32:14","modified_gmt":"2026-08-29T22:32:14","slug":"saints-et-bienheureux","status":"publish","type":"page","link":"https:\/\/paroissesainte-famille.org\/bienvenue\/saints-et-bienheureux\/","title":{"rendered":"Saints et bienheureux"},"content":{"rendered":"\n<h4 class=\"wp-block-heading has-black-color has-text-color has-link-color wp-elements-1\"><strong>Lundi 31 ao\u00fbt &#8211; St Raymond Nonnat (I+ 1240)<\/strong><\/h4>\n\n\n\n<p class=\"wp-block-paragraph\">Religieux de l&rsquo;Ordre de Notre-Dame de la Merci, il se livra lui-m\u00eame en otage pour obtenir la lib\u00e9ration d&rsquo;un prisonnier \u00e0 Tunis. Il se consacra \u00e0 l&rsquo;\u00e9vang\u00e9lisation de ses compagnons d&rsquo;infortune. Pour cette raison ses ge\u00f4liers lui mirent aux l\u00e8vres un cadenas qu&rsquo;on n&rsquo;ouvrait que pour les repas. <a href=\"https:\/\/nominis.cef.fr\/contenus\/saint\/1770\/Saint-Raymond-Nonnat.html\" target=\"_blank\" rel=\"noopener\">Nominis.cef.fr<\/a><\/p>\n\n\n\n<div class=\"wp-block-media-text is-stacked-on-mobile\" style=\"grid-template-columns:51% auto\"><figure class=\"wp-block-media-text__media\"><img loading=\"lazy\" decoding=\"async\" width=\"300\" height=\"169\" src=\"https:\/\/paroissesainte-famille.org\/wp-content\/uploads\/2020\/12\/Pantocrator.jpg\" alt=\"\" class=\"wp-image-1048 size-full\"\/><\/figure><div class=\"wp-block-media-text__content\">\n<p class=\"has-text-align-left has-black-color has-text-color has-link-color wp-elements-2 wp-block-paragraph\" style=\"font-size:14px\"><a href=\"https:\/\/www.aelf.org\/\" data-type=\"link\" data-id=\"https:\/\/www.aelf.org\/\" target=\"_blank\" rel=\"noreferrer noopener\">Lectures du jour<\/a><br>1 Corinthiens 2, 1-5<br>Psaume 118 (119)<br>Luc 4, 16-30<\/p>\n<\/div><\/div>\n\n\n\n<p class=\"has-text-align-left has-black-color has-text-color has-link-color wp-elements-3 wp-block-paragraph\">M\u00e9ditation : relire Luc 4, 16-30\u00a0 &#8212;\u00a0 <em>Se garder de juger<\/em>\u00a0 &#8212; En se rendant \u00e0 la synagogue de Nazareth, J\u00e9sus devait bien se douter que ses propos choqueraient son auditoire. \u00c0 ceux qui se consid\u00e9raient comme les seuls aim\u00e9s\u00a0 de Dieu, il rappelle deux \u00e9pisodes de l\u2019\u00c9criture\u00a0: celui de la veuve de Sarepta, qui re\u00e7oit la visite d\u2019\u00c9lie, et celui du g\u00e9n\u00e9ral syrien que le proph\u00e8te \u00c9lis\u00e9e a gu\u00e9ri. Il signale ainsi l\u2019importance de reconna\u00eetre ce qui est en train de se passer\u00a0: le Messie est l\u00e0 pour tout le monde, mais certains refusent d\u2019y croire. Ne nous arrive-t-il pas de d\u00e9nigrer des personnes parce que nous les connaissons trop bien ? Fermons-nous parfois le c\u0153ur \u00e0 la bont\u00e9 qui peut surgir l\u00e0 o\u00f9 nous ne l\u2019attendions pas ?\u00a0 Pour son entourage, J\u00e9sus ne pouvait \u00eatre le Messie simplement parce qu\u2019il \u00e9tait le fils de, Joseph. Ne fermons pas les yeux\u00a0: L\u2019Esprit Saint peut passer par qui il veut, quand il le veut.<br>Vie liturgique, no 480, p. 41<br><\/p>\n\n\n\n<p class=\"has-text-align-left has-black-color has-text-color has-link-color wp-elements-4 wp-block-paragraph\"><a href=\"https:\/\/paroissesainte-famille.org\/bienvenue\/\" target=\"_blank\" rel=\"noreferrer noopener\">Page d&rsquo;accueil<\/a><\/p>\n\n\n<div class=\"wp-block-image\">\n<figure class=\"aligncenter size-full is-resized\"><img loading=\"lazy\" decoding=\"async\" width=\"75\" height=\"41\" src=\"https:\/\/paroissesainte-famille.org\/wp-content\/uploads\/2020\/12\/poisson75px-1.jpg\" alt=\"\" class=\"wp-image-866\" style=\"aspect-ratio:1.8299656881433473;width:95px;height:auto\"\/><\/figure>\n<\/div>\n\n\n<div class=\"wp-block-media-text has-media-on-the-right is-stacked-on-mobile\" style=\"grid-template-columns:auto 30%\"><div class=\"wp-block-media-text__content\">\n<p class=\"has-text-align-center has-text-color has-link-color wp-elements-5 wp-block-paragraph\" style=\"color:#2c8849\"><strong>UNE REVUE QUI RASSEMBLE<\/strong><\/p>\n\n\n\n<p class=\"has-black-color has-text-color has-link-color wp-elements-6 wp-block-paragraph\">Merci aux artisanes et artisans de la revue Vie Liturgique, publi\u00e9e par Novalis (Bayard Presse Canada inc.), Montr\u00e9al. <\/p>\n\n\n\n<p class=\"has-text-align-right has-black-color has-text-color has-link-color wp-elements-7 wp-block-paragraph\">Pour s&rsquo;abonner :  <a href=\"http:\/\/www.vieliturgique.ca\/\" target=\"_blank\" rel=\"noreferrer noopener\">Site web<\/a><\/p>\n<\/div><figure class=\"wp-block-media-text__media\"><img loading=\"lazy\" decoding=\"async\" width=\"156\" height=\"202\" src=\"https:\/\/paroissesainte-famille.org\/wp-content\/uploads\/2021\/06\/Vie-liturgique.jpg\" alt=\"\" class=\"wp-image-3137 size-full\"\/><\/figure><\/div>\n\n\n\n<div style=\"height:45px\" aria-hidden=\"true\" class=\"wp-block-spacer\"><\/div>\n\n\n\n<p class=\"wp-block-paragraph\"><\/p>\n\n\n<div class=\"wp-block-image\">\n<figure class=\"aligncenter size-full is-resized\"><img loading=\"lazy\" decoding=\"async\" width=\"75\" height=\"41\" src=\"https:\/\/paroissesainte-famille.org\/wp-content\/uploads\/2020\/12\/poisson75px-1.jpg\" alt=\"\" class=\"wp-image-866\" style=\"aspect-ratio:1.8299656881433473;width:95px;height:auto\"\/><\/figure>\n<\/div>","protected":false},"excerpt":{"rendered":"<p>Lundi 31 ao\u00fbt &#8211; St Raymond Nonnat (I+ 1240) Religieux de l&rsquo;Ordre de Notre-Dame de la Merci, il se livra lui-m\u00eame en otage pour obtenir la lib\u00e9ration d&rsquo;un prisonnier \u00e0 Tunis. Il se consacra \u00e0 l&rsquo;\u00e9vang\u00e9lisation de ses compagnons d&rsquo;infortune. &hellip; <a href=\"https:\/\/paroissesainte-famille.org\/bienvenue\/saints-et-bienheureux\/\">Continuer la lecture <span class=\"meta-nav\">&rarr;<\/span><\/a><\/p>\n","protected":false},"author":3,"featured_media":0,"parent":0,"menu_order":0,"comment_status":"closed","ping_status":"closed","template":"onecolumn-page.php","meta":{"footnotes":""},"class_list":["post-8010","page","type-page","status-publish","hentry"],"_links":{"self":[{"href":"https:\/\/paroissesainte-famille.org\/bienvenue\/wp-json\/wp\/v2\/pages\/8010","targetHints":{"allow":["GET"]}}],"collection":[{"href":"https:\/\/paroissesainte-famille.org\/bienvenue\/wp-json\/wp\/v2\/pages"}],"about":[{"href":"https:\/\/paroissesainte-famille.org\/bienvenue\/wp-json\/wp\/v2\/types\/page"}],"author":[{"embeddable":true,"href":"https:\/\/paroissesainte-famille.org\/bienvenue\/wp-json\/wp\/v2\/users\/3"}],"replies":[{"embeddable":true,"href":"https:\/\/paroissesainte-famille.org\/bienvenue\/wp-json\/wp\/v2\/comments?post=8010"}],"version-history":[{"count":1552,"href":"https:\/\/paroissesainte-famille.org\/bienvenue\/wp-json\/wp\/v2\/pages\/8010\/revisions"}],"predecessor-version":[{"id":17349,"href":"https:\/\/paroissesainte-famille.org\/bienvenue\/wp-json\/wp\/v2\/pages\/8010\/revisions\/17349"}],"wp:attachment":[{"href":"https:\/\/paroissesainte-famille.org\/bienvenue\/wp-json\/wp\/v2\/media?parent=8010"}],"curies":[{"name":"wp","href":"https:\/\/api.w.org\/{rel}","templated":true}]}}

<h4 class="wp-block-heading has-black-color has-text-color has-link-color wp-elements-1"><strong>Lundi 31 août &#8211; St Raymond Nonnat (I+ 1240)</strong></h4>



<p class="wp-block-paragraph">Religieux de l&rsquo;Ordre de Notre-Dame de la Merci, il se livra lui-même en otage pour obtenir la libération d&rsquo;un prisonnier à Tunis. Il se consacra à l&rsquo;évangélisation de ses compagnons d&rsquo;infortune. Pour cette raison ses geôliers lui mirent aux lèvres un cadenas qu&rsquo;on n&rsquo;ouvrait que pour les repas. <a href="https://nominis.cef.fr/contenus/saint/1770/Saint-Raymond-Nonnat.html" target="_blank" rel="noopener">Nominis.cef.fr</a></p>



<div class="wp-block-media-text is-stacked-on-mobile" style="grid-template-columns:51% auto"><figure class="wp-block-media-text__media"><img loading="lazy" decoding="async" width="300" height="169" src="https://paroissesainte-famille.org/wp-content/uploads/2020/12/Pantocrator.jpg" alt="" class="wp-image-1048 size-full"/></figure><div class="wp-block-media-text__content">
<p class="has-text-align-left has-black-color has-text-color has-link-color wp-elements-2 wp-block-paragraph" style="font-size:14px"><a href="https://www.aelf.org/" data-type="link" data-id="https://www.aelf.org/" target="_blank" rel="noreferrer noopener">Lectures du jour</a><br>1 Corinthiens 2, 1-5<br>Psaume 118 (119)<br>Luc 4, 16-30</p>
</div></div>



<p class="has-text-align-left has-black-color has-text-color has-link-color wp-elements-3 wp-block-paragraph">Méditation : relire Luc 4, 16-30  &#8212;  <em>Se garder de juger</em>  &#8212; En se rendant à la synagogue de Nazareth, Jésus devait bien se douter que ses propos choqueraient son auditoire. À ceux qui se considéraient comme les seuls aimés  de Dieu, il rappelle deux épisodes de l’Écriture : celui de la veuve de Sarepta, qui reçoit la visite d’Élie, et celui du général syrien que le prophète Élisée a guéri. Il signale ainsi l’importance de reconnaître ce qui est en train de se passer : le Messie est là pour tout le monde, mais certains refusent d’y croire. Ne nous arrive-t-il pas de dénigrer des personnes parce que nous les connaissons trop bien ? Fermons-nous parfois le cœur à la bonté qui peut surgir là où nous ne l’attendions pas ?  Pour son entourage, Jésus ne pouvait être le Messie simplement parce qu’il était le fils de, Joseph. Ne fermons pas les yeux : L’Esprit Saint peut passer par qui il veut, quand il le veut.<br>Vie liturgique, no 480, p. 41<br></p>



<p class="has-text-align-left has-black-color has-text-color has-link-color wp-elements-4 wp-block-paragraph"><a href="https://paroissesainte-famille.org/bienvenue/" target="_blank" rel="noreferrer noopener">Page d&rsquo;accueil</a></p>


<div class="wp-block-image">
<figure class="aligncenter size-full is-resized"><img loading="lazy" decoding="async" width="75" height="41" src="https://paroissesainte-famille.org/wp-content/uploads/2020/12/poisson75px-1.jpg" alt="" class="wp-image-866" style="aspect-ratio:1.8299656881433473;width:95px;height:auto"/></figure>
</div>


<div class="wp-block-media-text has-media-on-the-right is-stacked-on-mobile" style="grid-template-columns:auto 30%"><div class="wp-block-media-text__content">
<p class="has-text-align-center has-text-color has-link-color wp-elements-5 wp-block-paragraph" style="color:#2c8849"><strong>UNE REVUE QUI RASSEMBLE</strong></p>



<p class="has-black-color has-text-color has-link-color wp-elements-6 wp-block-paragraph">Merci aux artisanes et artisans de la revue Vie Liturgique, publiée par Novalis (Bayard Presse Canada inc.), Montréal. </p>



<p class="has-text-align-right has-black-color has-text-color has-link-color wp-elements-7 wp-block-paragraph">Pour s&rsquo;abonner :  <a href="http://www.vieliturgique.ca/" target="_blank" rel="noreferrer noopener">Site web</a></p>
</div><figure class="wp-block-media-text__media"><img loading="lazy" decoding="async" width="156" height="202" src="https://paroissesainte-famille.org/wp-content/uploads/2021/06/Vie-liturgique.jpg" alt="" class="wp-image-3137 size-full"/></figure></div>



<div style="height:45px" aria-hidden="true" class="wp-block-spacer"></div>



<p class="wp-block-paragraph"></p>


<div class="wp-block-image">
<figure class="aligncenter size-full is-resized"><img loading="lazy" decoding="async" width="75" height="41" src="https://paroissesainte-famille.org/wp-content/uploads/2020/12/poisson75px-1.jpg" alt="" class="wp-image-866" style="aspect-ratio:1.8299656881433473;width:95px;height:auto"/></figure>
</div>

<p>Lundi 31 août &#8211; St Raymond Nonnat (I+ 1240) Religieux de l&rsquo;Ordre de Notre-Dame de la Merci, il se livra lui-même en otage pour obtenir la libération d&rsquo;un prisonnier à Tunis. Il se consacra à l&rsquo;évangélisation de ses compagnons d&rsquo;infortune. &hellip; <a href="https://paroissesainte-famille.org/bienvenue/saints-et-bienheureux/">Continuer la lecture <span class="meta-nav">&rarr;</span></a></p>
